{"id":28671,"date":"2023-12-04T14:43:46","date_gmt":"2023-12-04T13:43:46","guid":{"rendered":"https:\/\/webwp.igme.es\/pruebaigme\/?page_id=28671"},"modified":"2024-04-18T13:44:45","modified_gmt":"2024-04-18T11:44:45","slug":"repositorio-de-muestras-polares-2","status":"publish","type":"page","link":"https:\/\/webwp.igme.es\/pruebaigme\/museos\/repositorio-de-muestras-polares-2\/","title":{"rendered":"Repositorio de muestras polares"},"content":{"rendered":"\t\t<div data-elementor-type=\"wp-page\" data-elementor-id=\"28671\" class=\"elementor elementor-28671\" data-elementor-post-type=\"page\">\n\t\t\t\t<div class=\"elementor-element elementor-element-909a424 e-flex e-con-boxed e-con e-parent\" data-id=\"909a424\" data-element_type=\"container\" data-settings=\"{&quot;background_background&quot;:&quot;classic&quot;,&quot;jet_parallax_layout_list&quot;:[],&quot;content_width&quot;:&quot;boxed&quot;}\" data-core-v316-plus=\"true\">\n\t\t\t\t\t<div class=\"e-con-inner\">\n\t\t<div class=\"elementor-element elementor-element-fbe0443 e-flex e-con-boxed e-con e-child\" data-id=\"fbe0443\" data-element_type=\"container\" data-settings=\"{&quot;jet_parallax_layout_list&quot;:[],&quot;content_width&quot;:&quot;boxed&quot;}\">\n\t\t\t\t\t<div class=\"e-con-inner\">\n\t\t\t\t<div class=\"elementor-element elementor-element-baca75b elementor-widget elementor-widget-jet-brands\" data-id=\"baca75b\" data-element_type=\"widget\" data-widget_type=\"jet-brands.default\">\n\t\t\t\t<div class=\"elementor-widget-container\">\n\t\t\t<div class=\"elementor-jet-brands jet-elements\"><div class=\"brands-wrap\">\n\t<div class=\"brands-list col-row\"><div class=\"brands-list__item\"><a class=\"brands-list__item-link\" href=\"#\"><div class=\"brands-list__item-img-wrap\"><img decoding=\"async\" src=\"http:\/\/webwp.igme.es\/pruebaigme\/wp-content\/uploads\/2023\/12\/museo2.webp\" alt=\"museo2\" class=\"brands-list__item-img\" loading=\"lazy\"><\/div><\/a><\/div><\/div><\/div><\/div>\t\t<\/div>\n\t\t\t\t<\/div>\n\t\t\t\t\t<\/div>\n\t\t\t\t<\/div>\n\t\t\t\t\t<\/div>\n\t\t\t\t<\/div>\n\t\t<div class=\"elementor-element elementor-element-0ac0ef0 e-flex e-con-boxed e-con e-parent\" data-id=\"0ac0ef0\" data-element_type=\"container\" data-settings=\"{&quot;jet_parallax_layout_list&quot;:[],&quot;content_width&quot;:&quot;boxed&quot;}\" data-core-v316-plus=\"true\">\n\t\t\t\t\t<div class=\"e-con-inner\">\n\t\t\t\t<div class=\"elementor-element elementor-element-757ff1b elementor-widget elementor-widget-text-editor\" data-id=\"757ff1b\" data-element_type=\"widget\" data-widget_type=\"text-editor.default\">\n\t\t\t\t<div class=\"elementor-widget-container\">\n\t\t\t<style>\/*! elementor - v3.19.0 - 07-02-2024 *\/\n.elementor-widget-text-editor.elementor-drop-cap-view-stacked .elementor-drop-cap{background-color:#69727d;color:#fff}.elementor-widget-text-editor.elementor-drop-cap-view-framed .elementor-drop-cap{color:#69727d;border:3px solid;background-color:transparent}.elementor-widget-text-editor:not(.elementor-drop-cap-view-default) .elementor-drop-cap{margin-top:8px}.elementor-widget-text-editor:not(.elementor-drop-cap-view-default) .elementor-drop-cap-letter{width:1em;height:1em}.elementor-widget-text-editor .elementor-drop-cap{float:left;text-align:center;line-height:1;font-size:50px}.elementor-widget-text-editor .elementor-drop-cap-letter{display:inline-block}<\/style>\t\t\t\t<p align=\"justify\">El archivo repositorio de muestras polares de tipo geol\u00f3gico (f\u00f3siles, minerales, rocas y aguas) generadas por el Programa Espa\u00f1ol de Investigaci\u00f3n Polar se encuentra en el Instituto Geol\u00f3gico y Minero de Espa\u00f1a (IGME), donde radica tambi\u00e9n el\u00a0<a title=\"Abre web en pesta\u00f1a nueva\" href=\"http:\/\/hielo.igme.es\/\" target=\"_blank\" rel=\"noopener\">Centro Nacional de Datos Polares (CNDP)<\/a>. Tanto el repositorio como el CNDP responden a la normativa internacional, en particular a la emanada del Tratado Ant\u00e1rtico y a las recomendaciones del Scientific Committee on Antarctic Research (SCAR), y a la del Comit\u00e9 Polar Espa\u00f1ol, estando conectados con la comunidad cient\u00edfica nacional e internacional mediante el\u00a0<a title=\"Abre web en pesta\u00f1a nueva\" href=\"http:\/\/www.uam.es\/cn-scar\" target=\"_blank\" rel=\"noopener\">Comit\u00e9 Nacional del SCAR (CN-SCAR)<\/a>.<\/p><p align=\"justify\">El objetivo del repositorio es almacenar y conservar las muestras y, en los casos adecuados, ceder aquellas de inter\u00e9s especial para estudio mediante los protocolos correspondientes. Asimismo, tambi\u00e9n podr\u00e1n exhibirse en el Museo Geominero, adscrito al IGME, aquellas muestras cuyas caracter\u00edsticas as\u00ed lo recomienden.<\/p><p align=\"justify\">Para depositar muestras y para poder acceder a las existentes en el repositorio, las personas interesadas deber\u00e1n contactar con la\u00a0<a title=\"Abre correo\" href=\"mailto:a.rodrigo@igme.es\">directora del Museo<\/a>, indicando su nombre, organismo y direcci\u00f3n de correo electr\u00f3nico.<\/p>\t\t\t\t\t\t<\/div>\n\t\t\t\t<\/div>\n\t\t\t\t\t<\/div>\n\t\t\t\t<\/div>\n\t\t\t\t<\/div>\n\t\t","protected":false},"excerpt":{"rendered":"<p>El archivo repositorio de muestras polares de tipo geol\u00f3gico (f\u00f3siles, minerales, rocas y aguas) generadas por el Programa Espa\u00f1ol de Investigaci\u00f3n Polar se encuentra en el Instituto Geol\u00f3gico y Minero de Espa\u00f1a (IGME), donde radica tambi\u00e9n el\u00a0Centro Nacional de Datos Polares (CNDP). Tanto el repositorio como el CNDP responden a la normativa internacional, en particular&#8230;<\/p>\n","protected":false},"author":3,"featured_media":13957,"parent":1189,"menu_order":0,"comment_status":"closed","ping_status":"closed","template":"","meta":{"_kad_post_transparent":"","_kad_post_title":"hide","_kad_post_layout":"fullwidth","_kad_post_sidebar_id":"","_kad_post_content_style":"unboxed","_kad_post_vertical_padding":"hide","_kad_post_feature":"hide","_kad_post_feature_position":"","_kad_post_header":false,"_kad_post_footer":false,"footnotes":""},"aioseo_notices":[],"_links":{"self":[{"href":"https:\/\/webwp.igme.es\/pruebaigme\/wp-json\/wp\/v2\/pages\/28671"}],"collection":[{"href":"https:\/\/webwp.igme.es\/pruebaigme\/wp-json\/wp\/v2\/pages"}],"about":[{"href":"https:\/\/webwp.igme.es\/pruebaigme\/wp-json\/wp\/v2\/types\/page"}],"author":[{"embeddable":true,"href":"https:\/\/webwp.igme.es\/pruebaigme\/wp-json\/wp\/v2\/users\/3"}],"replies":[{"embeddable":true,"href":"https:\/\/webwp.igme.es\/pruebaigme\/wp-json\/wp\/v2\/comments?post=28671"}],"version-history":[{"count":59,"href":"https:\/\/webwp.igme.es\/pruebaigme\/wp-json\/wp\/v2\/pages\/28671\/revisions"}],"predecessor-version":[{"id":40594,"href":"https:\/\/webwp.igme.es\/pruebaigme\/wp-json\/wp\/v2\/pages\/28671\/revisions\/40594"}],"up":[{"embeddable":true,"href":"https:\/\/webwp.igme.es\/pruebaigme\/wp-json\/wp\/v2\/pages\/1189"}],"wp:featuredmedia":[{"embeddable":true,"href":"https:\/\/webwp.igme.es\/pruebaigme\/wp-json\/wp\/v2\/media\/13957"}],"wp:attachment":[{"href":"https:\/\/webwp.igme.es\/pruebaigme\/wp-json\/wp\/v2\/media?parent=28671"}],"curies":[{"name":"wp","href":"https:\/\/api.w.org\/{rel}","templated":true}]}}