{"id":36566,"date":"2024-03-08T08:23:08","date_gmt":"2024-03-08T07:23:08","guid":{"rendered":"https:\/\/webwp.igme.es\/pruebaigme\/?page_id=36566"},"modified":"2024-03-08T09:55:56","modified_gmt":"2024-03-08T08:55:56","slug":"exposiciones","status":"publish","type":"page","link":"https:\/\/webwp.igme.es\/pruebaigme\/estacion-paleontologica-valle-del-rio-fardes\/el-centro-paleontologico-fonelas-p-1\/divulgacion\/exposiciones\/","title":{"rendered":"Exposiciones"},"content":{"rendered":"\t\t<div data-elementor-type=\"wp-page\" data-elementor-id=\"36566\" class=\"elementor elementor-36566\" data-elementor-post-type=\"page\">\n\t\t\t\t\t\t<section class=\"elementor-section elementor-top-section elementor-element elementor-element-b0e4c9b elementor-section-boxed elementor-section-height-default elementor-section-height-default\" data-id=\"b0e4c9b\" data-element_type=\"section\" data-settings=\"{&quot;jet_parallax_layout_list&quot;:[]}\">\n\t\t\t\t\t\t<div class=\"elementor-container elementor-column-gap-default\">\n\t\t\t\t\t<div class=\"elementor-column elementor-col-100 elementor-top-column elementor-element elementor-element-595e6fa\" data-id=\"595e6fa\" data-element_type=\"column\">\n\t\t\t<div class=\"elementor-widget-wrap elementor-element-populated\">\n\t\t\t\t\t\t<div class=\"elementor-element elementor-element-6334131 elementor-widget elementor-widget-heading\" data-id=\"6334131\" data-element_type=\"widget\" data-widget_type=\"heading.default\">\n\t\t\t\t<div class=\"elementor-widget-container\">\n\t\t\t<style>\/*! elementor - v3.19.0 - 07-02-2024 *\/\n.elementor-heading-title{padding:0;margin:0;line-height:1}.elementor-widget-heading .elementor-heading-title[class*=elementor-size-]>a{color:inherit;font-size:inherit;line-height:inherit}.elementor-widget-heading .elementor-heading-title.elementor-size-small{font-size:15px}.elementor-widget-heading .elementor-heading-title.elementor-size-medium{font-size:19px}.elementor-widget-heading .elementor-heading-title.elementor-size-large{font-size:29px}.elementor-widget-heading .elementor-heading-title.elementor-size-xl{font-size:39px}.elementor-widget-heading .elementor-heading-title.elementor-size-xxl{font-size:59px}<\/style><h5 class=\"elementor-heading-title elementor-size-default\">En el a\u00f1o 2003 dise\u00f1amos y producimos desde el Museo Geominero una exposici\u00f3n espec\u00edfica sobre este proyecto cient\u00edfico titulada \u201cEl largo viaje hacia Occidente. Fauna ib\u00e9rica hace 1.800.000 a\u00f1os\u201d. Esta exposici\u00f3n fue presentada en la Universidad de Granada en el marco del V Congreso del Grupo Espa\u00f1ol del Terciario (septiembre de 2003).<\/h5>\t\t<\/div>\n\t\t\t\t<\/div>\n\t\t\t\t<div class=\"elementor-element elementor-element-549f9aa elementor-widget elementor-widget-jet-images-layout\" data-id=\"549f9aa\" data-element_type=\"widget\" data-settings=\"{&quot;columns&quot;:&quot;3&quot;}\" data-widget_type=\"jet-images-layout.default\">\n\t\t\t\t<div class=\"elementor-widget-container\">\n\t\t\t<div class=\"elementor-jet-images-layout jet-elements\">\n<div class=\"jet-images-layout layout-type-masonry\" data-settings='{\"layoutType\":\"masonry\",\"justifyHeight\":300}'>\n\t<div class=\"jet-images-layout__list salvattore column-desktop-3 column-tablet-2 column-mobile-1\" data-columns>\n<div class=\"jet-images-layout__item \">\n\t<div class=\"jet-images-layout__inner\">\n\t\t<div class=\"jet-images-layout__image-loader\"><span><\/span><\/div>\n\t\t<a class=\"jet-images-layout__link \" href=\"http:\/\/webwp.igme.es\/pruebaigme\/wp-content\/uploads\/2023\/08\/IMG_46-e1709885635229.webp\" data-elementor-open-lightbox=\"yes\" data-elementor-lightbox-slideshow=\"549f9aa\">\n\t\t\t<div class=\"jet-images-layout__image\">\n\t\t\t\t<img decoding=\"async\" class=\"jet-images-layout__image-instance\" src=\"https:\/\/webwp.igme.es\/pruebaigme\/wp-content\/uploads\/2023\/08\/IMG_46-e1709885635229.webp\" alt=\"Inauguraci\u00f3n de la exposici\u00f3n El largo viaje hacia Occidente\" loading=\"lazy\">\t\t\t<\/div>\n\t\t\t<div class=\"jet-images-layout__content\"><\/div>\n\t\t<\/a>\n\t<\/div>\n<\/div>\n<div class=\"jet-images-layout__item \">\n\t<div class=\"jet-images-layout__inner\">\n\t\t<div class=\"jet-images-layout__image-loader\"><span><\/span><\/div>\n\t\t<a class=\"jet-images-layout__link \" href=\"http:\/\/webwp.igme.es\/pruebaigme\/wp-content\/uploads\/2023\/08\/IMG_47.webp\" data-elementor-open-lightbox=\"yes\" data-elementor-lightbox-slideshow=\"549f9aa\">\n\t\t\t<div class=\"jet-images-layout__image\">\n\t\t\t\t<img decoding=\"async\" class=\"jet-images-layout__image-instance\" src=\"https:\/\/webwp.igme.es\/pruebaigme\/wp-content\/uploads\/2023\/08\/IMG_47.webp\" alt=\"Inauguraci\u00f3n de la exposici\u00f3n El largo viaje hacia Occidente\" loading=\"lazy\">\t\t\t<\/div>\n\t\t\t<div class=\"jet-images-layout__content\"><\/div>\n\t\t<\/a>\n\t<\/div>\n<\/div>\n<div class=\"jet-images-layout__item \">\n\t<div class=\"jet-images-layout__inner\">\n\t\t<div class=\"jet-images-layout__image-loader\"><span><\/span><\/div>\n\t\t<a class=\"jet-images-layout__link \" href=\"http:\/\/webwp.igme.es\/pruebaigme\/wp-content\/uploads\/2023\/08\/IMG_48.webp\" data-elementor-open-lightbox=\"yes\" data-elementor-lightbox-slideshow=\"549f9aa\">\n\t\t\t<div class=\"jet-images-layout__image\">\n\t\t\t\t<img decoding=\"async\" class=\"jet-images-layout__image-instance\" src=\"https:\/\/webwp.igme.es\/pruebaigme\/wp-content\/uploads\/2023\/08\/IMG_48.webp\" alt=\"Inauguraci\u00f3n de la exposici\u00f3n El largo viaje hacia Occidente\" loading=\"lazy\">\t\t\t<\/div>\n\t\t\t<div class=\"jet-images-layout__content\"><\/div>\n\t\t<\/a>\n\t<\/div>\n<\/div>\n<\/div><\/div>\n<\/div>\t\t<\/div>\n\t\t\t\t<\/div>\n\t\t\t\t<div class=\"elementor-element elementor-element-23d2759 elementor-widget elementor-widget-text-editor\" data-id=\"23d2759\" data-element_type=\"widget\" data-widget_type=\"text-editor.default\">\n\t\t\t\t<div class=\"elementor-widget-container\">\n\t\t\t<style>\/*! elementor - v3.19.0 - 07-02-2024 *\/\n.elementor-widget-text-editor.elementor-drop-cap-view-stacked .elementor-drop-cap{background-color:#69727d;color:#fff}.elementor-widget-text-editor.elementor-drop-cap-view-framed .elementor-drop-cap{color:#69727d;border:3px solid;background-color:transparent}.elementor-widget-text-editor:not(.elementor-drop-cap-view-default) .elementor-drop-cap{margin-top:8px}.elementor-widget-text-editor:not(.elementor-drop-cap-view-default) .elementor-drop-cap-letter{width:1em;height:1em}.elementor-widget-text-editor .elementor-drop-cap{float:left;text-align:center;line-height:1;font-size:50px}.elementor-widget-text-editor .elementor-drop-cap-letter{display:inline-block}<\/style>\t\t\t\t<p>Inauguraci\u00f3n en 2003 de la exposici\u00f3n \u201cEl largo viaje hacia Occidente. Fauna ib\u00e9rica hace 1.800.000 a\u00f1os\u201d sobre el Proyecto Fonelas en en la Universidad de Granada en el marco del V Congreso del Grupo Espa\u00f1ol del Terciario.<\/p>\t\t\t\t\t\t<\/div>\n\t\t\t\t<\/div>\n\t\t\t\t\t<\/div>\n\t\t<\/div>\n\t\t\t\t\t<\/div>\n\t\t<\/section>\n\t\t\t\t<section class=\"elementor-section elementor-top-section elementor-element elementor-element-cd736b0 elementor-section-boxed elementor-section-height-default elementor-section-height-default\" data-id=\"cd736b0\" data-element_type=\"section\" data-settings=\"{&quot;background_background&quot;:&quot;classic&quot;,&quot;jet_parallax_layout_list&quot;:[]}\">\n\t\t\t\t\t\t<div class=\"elementor-container elementor-column-gap-default\">\n\t\t\t\t\t<div class=\"elementor-column elementor-col-100 elementor-top-column elementor-element elementor-element-44f01b8\" data-id=\"44f01b8\" data-element_type=\"column\">\n\t\t\t<div class=\"elementor-widget-wrap elementor-element-populated\">\n\t\t\t\t\t\t<div class=\"elementor-element elementor-element-4521539 elementor-widget elementor-widget-heading\" data-id=\"4521539\" data-element_type=\"widget\" data-widget_type=\"heading.default\">\n\t\t\t\t<div class=\"elementor-widget-container\">\n\t\t\t<h2 class=\"elementor-heading-title elementor-size-default\">Itinerario exposici\u00f3n<\/h2>\t\t<\/div>\n\t\t\t\t<\/div>\n\t\t\t\t<div class=\"elementor-element elementor-element-684ebed elementor-widget elementor-widget-text-editor\" data-id=\"684ebed\" data-element_type=\"widget\" data-widget_type=\"text-editor.default\">\n\t\t\t\t<div class=\"elementor-widget-container\">\n\t\t\t\t\t\t\t<ul><li><b>Fundaci\u00f3n Francisco Giner de los R\u00edos [Instituci\u00f3n Libre de Ense\u00f1anza]<\/b> &#8211; \u00a0<a href=\"https:\/\/info.igme.es\/media\/EPVRF\/Docs\/FONELAS_45.pdf\">El largo viaje hacia Occidente. Fauna ib\u00e9rica hace 1.800.000 a\u00f1os<\/a>.<br \/>Madrid, entre el 17 de noviembre y el 28 de diciembre de 2003<\/li><li><b>Fundaci\u00f3n Francisco Giner de los R\u00edos [Instituci\u00f3n Libre de Ense\u00f1anza]<\/b> &#8211;\u00a0 <a href=\"https:\/\/info.igme.es\/media\/EPVRF\/Docs\/FONELAS_47.pdf\">El largo viaje hacia Occidente. Fonelas P-1<\/a>.<br \/>Madrid, entre el 17 de noviembre y el 28 de diciembre de 2003<\/li><li><b>Oficina de Turismo de Guadix (Granada)<\/b> &#8211; El largo viaje hacia Occidente. Fauna ib\u00e9rica hace 1.800.000 a\u00f1os<br \/>Madrid, entre el 17 de noviembre y el 28 de diciembre de 2003<\/li><li><strong>Museo Arqueol\u00f3gico de Cartagena<\/strong> &#8211; <a href=\"https:\/\/info.igme.es\/media\/EPVRF\/Docs\/FONELAS_46.pdf\">El largo viaje hacia Occidente. Fauna ib\u00e9rica hace 1.800.000 a\u00f1os<\/a><br \/>Cartagena, entre el 23 de octubre de 2007 y el 5 de enero de 2008<\/li><li><strong>Museo Arqueol\u00f3gico del Puerto de Santa Mar\u00eda<\/strong> &#8211; El largo viaje hacia Occidente. Fauna ib\u00e9rica hace 1.800.000 a\u00f1os<br \/>Puerto de Santa Mar\u00eda (C\u00e1diz), entre el 1 de febrero y el 30 de abril de 2008<\/li><li><strong>Museo Arqueol\u00f3gico de Jumilla<\/strong>\u00a0&#8211; El largo viaje hacia Occidente. Fauna ib\u00e9rica hace 1.800.000 a\u00f1os<br \/>Jumilla (Murcia), entre el 7 de mayo y el 30 de junio de 2008<\/li><li><strong>Quinta de Cervantes, Alcal\u00e1 de Henares<\/strong> &#8211; El largo viaje hacia Occidente. Fauna ib\u00e9rica hace 1.800.000 a\u00f1os<br \/>Alcal\u00e1 de Henares (Madrid), entre el 4 de diciembre de 2008 y el 1 de febrero de 2009<\/li><\/ul>\t\t\t\t\t\t<\/div>\n\t\t\t\t<\/div>\n\t\t\t\t<div class=\"elementor-element elementor-element-87eeedf elementor-widget elementor-widget-jet-images-layout\" data-id=\"87eeedf\" data-element_type=\"widget\" data-settings=\"{&quot;columns&quot;:&quot;2&quot;}\" data-widget_type=\"jet-images-layout.default\">\n\t\t\t\t<div class=\"elementor-widget-container\">\n\t\t\t<div class=\"elementor-jet-images-layout jet-elements\">\n<div class=\"jet-images-layout layout-type-masonry\" data-settings='{\"layoutType\":\"masonry\",\"justifyHeight\":300}'>\n\t<div class=\"jet-images-layout__list salvattore column-desktop-2 column-tablet-2 column-mobile-1\" data-columns>\n<div class=\"jet-images-layout__item \">\n\t<div class=\"jet-images-layout__inner\">\n\t\t<div class=\"jet-images-layout__image-loader\"><span><\/span><\/div>\n\t\t<a class=\"jet-images-layout__link \" href=\"http:\/\/webwp.igme.es\/pruebaigme\/wp-content\/uploads\/2023\/08\/IMG_49.webp\" data-elementor-open-lightbox=\"yes\" data-elementor-lightbox-slideshow=\"87eeedf\">\n\t\t\t<div class=\"jet-images-layout__image\">\n\t\t\t\t<img decoding=\"async\" class=\"jet-images-layout__image-instance\" src=\"https:\/\/webwp.igme.es\/pruebaigme\/wp-content\/uploads\/2023\/08\/IMG_49-e1709887664115.webp\" alt=\"El largo viaje hacia Occidente. Fauna ib\u00e9rica hace 1.800.000 a\u00f1os\" loading=\"lazy\">\t\t\t<\/div>\n\t\t\t<div class=\"jet-images-layout__content\"><\/div>\n\t\t<\/a>\n\t<\/div>\n<\/div>\n<div class=\"jet-images-layout__item \">\n\t<div class=\"jet-images-layout__inner\">\n\t\t<div class=\"jet-images-layout__image-loader\"><span><\/span><\/div>\n\t\t<a class=\"jet-images-layout__link \" href=\"http:\/\/webwp.igme.es\/pruebaigme\/wp-content\/uploads\/2023\/08\/IMG_50.webp\" data-elementor-open-lightbox=\"yes\" data-elementor-lightbox-slideshow=\"87eeedf\">\n\t\t\t<div class=\"jet-images-layout__image\">\n\t\t\t\t<img decoding=\"async\" class=\"jet-images-layout__image-instance\" src=\"https:\/\/webwp.igme.es\/pruebaigme\/wp-content\/uploads\/2023\/08\/IMG_50-e1709887705434.webp\" alt=\"El largo viaje hacia Occidente. Fauna ib\u00e9rica hace 1.800.000 a\u00f1os\" loading=\"lazy\">\t\t\t<\/div>\n\t\t\t<div class=\"jet-images-layout__content\"><\/div>\n\t\t<\/a>\n\t<\/div>\n<\/div>\n<div class=\"jet-images-layout__item \">\n\t<div class=\"jet-images-layout__inner\">\n\t\t<div class=\"jet-images-layout__image-loader\"><span><\/span><\/div>\n\t\t<a class=\"jet-images-layout__link \" href=\"http:\/\/webwp.igme.es\/pruebaigme\/wp-content\/uploads\/2023\/08\/IMG_51.webp\" data-elementor-open-lightbox=\"yes\" data-elementor-lightbox-slideshow=\"87eeedf\">\n\t\t\t<div class=\"jet-images-layout__image\">\n\t\t\t\t<img decoding=\"async\" class=\"jet-images-layout__image-instance\" src=\"https:\/\/webwp.igme.es\/pruebaigme\/wp-content\/uploads\/2023\/08\/IMG_51.webp\" alt=\"El largo viaje hacia Occidente. Fauna ib\u00e9rica hace 1.800.000 a\u00f1os\" loading=\"lazy\">\t\t\t<\/div>\n\t\t\t<div class=\"jet-images-layout__content\"><\/div>\n\t\t<\/a>\n\t<\/div>\n<\/div>\n<div class=\"jet-images-layout__item \">\n\t<div class=\"jet-images-layout__inner\">\n\t\t<div class=\"jet-images-layout__image-loader\"><span><\/span><\/div>\n\t\t<a class=\"jet-images-layout__link \" href=\"http:\/\/webwp.igme.es\/pruebaigme\/wp-content\/uploads\/2023\/08\/IMG_52-e1709887605196.webp\" data-elementor-open-lightbox=\"yes\" data-elementor-lightbox-slideshow=\"87eeedf\">\n\t\t\t<div class=\"jet-images-layout__image\">\n\t\t\t\t<img decoding=\"async\" class=\"jet-images-layout__image-instance\" src=\"https:\/\/webwp.igme.es\/pruebaigme\/wp-content\/uploads\/2023\/08\/IMG_52-e1709887605196.webp\" alt=\"El largo viaje hacia Occidente. Fauna ib\u00e9rica hace 1.800.000 a\u00f1os\" loading=\"lazy\">\t\t\t<\/div>\n\t\t\t<div class=\"jet-images-layout__content\"><\/div>\n\t\t<\/a>\n\t<\/div>\n<\/div>\n<\/div><\/div>\n<\/div>\t\t<\/div>\n\t\t\t\t<\/div>\n\t\t\t\t<div class=\"elementor-element elementor-element-53f3d73 elementor-widget elementor-widget-text-editor\" data-id=\"53f3d73\" data-element_type=\"widget\" data-widget_type=\"text-editor.default\">\n\t\t\t\t<div class=\"elementor-widget-container\">\n\t\t\t\t\t\t\t<p>Esta exposici\u00f3n presenta, tras tan s\u00f3lo cuatro campa\u00f1as mensuales de excavaci\u00f3n paleontol\u00f3gica sistem\u00e1tica y tres campa\u00f1as mensuales de prospecci\u00f3n de yacimientos, los resultados cient\u00edficos y t\u00e9cnicos obtenidos por el equipo de profesionales involucrados en la investigaci\u00f3n del m\u00e1s rico de estos yacimientos, Fonelas P-1.<\/p><p>La muestra consta de 20 paneles informativos sobre los distintos aspectos relacionados con la investigaci\u00f3n. As\u00ed, tras introducir al espectador en el marco faun\u00edstico conocido previamente para el l\u00edmite Plio-Pleistoceno en Eurasia y \u00c1frica, se presentan las caracter\u00edsticas propias de este yacimiento y de su investigaci\u00f3n, tales como: su reciente historia, la presentaci\u00f3n de otros yacimientos paleontol\u00f3gicos pr\u00f3ximos geogr\u00e1fica y cronol\u00f3gicamente, la estructura del proyecto cient\u00edfico y de su equipo, aspectos sobre la excavaci\u00f3n, la restauraci\u00f3n de los f\u00f3siles, el dise\u00f1o de una novedosa aplicaci\u00f3n inform\u00e1tica para la gesti\u00f3n e investigaci\u00f3n, la geolog\u00eda, la tafonom\u00eda (o c\u00f3mo se pudo formar el yacimiento), la bioestratigraf\u00eda (o c\u00f3mo podemos datar el registro geol\u00f3gico sobre la base de su contenido paleontol\u00f3gico) y la presentaci\u00f3n de las especies de grandes mam\u00edferos m\u00e1s significativas identificadas hasta el momento, destacando, finalmente, la importancia de las mismas en el conocimiento de la paleobiolog\u00eda del inicio del Cuaternario.<\/p><p>Por otra parte, como material expositivo se muestra diversos ejemplares f\u00f3siles de mam\u00edferos extintos \u00fanicos en el planeta, bien por su excepcional estado de conservaci\u00f3n, bien por representar especies nuevas para la ciencia, o bien por ser los \u00fanicos testimonios directos conocidos de animales considerados hasta este descubrimiento como exclusivos de otros continentes. La muestra f\u00f3sil se estructura en distintas vitrinas donde se presentan algunos de los f\u00f3siles m\u00e1s excepcionales del yacimiento, bien por su estado de conservaci\u00f3n o bien por su inter\u00e9s cient\u00edfico, junto a una impresionante asociaci\u00f3n de huesos f\u00f3siles ro\u00eddos por hienas en su sedimento original. Finalmente, destacan distintas im\u00e1genes del paisaje des\u00e9rtico actual de la Cuenca de Guadix, la zona de investigaci\u00f3n del proyecto.<\/p><p>El objetivo de esta exposici\u00f3n es transmitir a la sociedad los avances obtenidos en una investigaci\u00f3n reciente, continua y novedosa, y mostrar un registro f\u00f3sil que es testimonio directo de una de las dispersiones protagonizadas por los mam\u00edferos terrestres (El largo viaje hacia occidente) m\u00e1s desconocidas y espectaculares, un conjunto paleobiol\u00f3gico hasta ahora ignoto en la historia evolutiva del planeta.<\/p><p>Esta exposici\u00f3n tiene car\u00e1cter de itinerancia y en la actualidad se est\u00e1 redise\u00f1ando dado el \u00e9xito de su primera andadura. Los contenidos pasar\u00e1n a ser definitivos en la exposici\u00f3n permanente que quedar\u00e1 expuesta en la Estaci\u00f3n Paleontol\u00f3gica Valle del Rio Fardes en Fonelas (Granada).<\/p>\t\t\t\t\t\t<\/div>\n\t\t\t\t<\/div>\n\t\t\t\t<div class=\"elementor-element elementor-element-482f9ca elementor-widget elementor-widget-jet-images-layout\" data-id=\"482f9ca\" data-element_type=\"widget\" data-settings=\"{&quot;columns&quot;:&quot;2&quot;}\" data-widget_type=\"jet-images-layout.default\">\n\t\t\t\t<div class=\"elementor-widget-container\">\n\t\t\t<div class=\"elementor-jet-images-layout jet-elements\">\n<div class=\"jet-images-layout layout-type-masonry\" data-settings='{\"layoutType\":\"masonry\",\"justifyHeight\":300}'>\n\t<div class=\"jet-images-layout__list salvattore column-desktop-2 column-tablet-2 column-mobile-1\" data-columns>\n<div class=\"jet-images-layout__item \">\n\t<div class=\"jet-images-layout__inner\">\n\t\t<div class=\"jet-images-layout__image-loader\"><span><\/span><\/div>\n\t\t<a class=\"jet-images-layout__link \" href=\"http:\/\/webwp.igme.es\/pruebaigme\/wp-content\/uploads\/2023\/08\/IMG_53.webp\" data-elementor-open-lightbox=\"yes\" data-elementor-lightbox-slideshow=\"482f9ca\">\n\t\t\t<div class=\"jet-images-layout__image\">\n\t\t\t\t<img decoding=\"async\" class=\"jet-images-layout__image-instance\" src=\"https:\/\/webwp.igme.es\/pruebaigme\/wp-content\/uploads\/2023\/08\/IMG_53.webp\" alt=\"El largo viaje hacia Occidente. Fauna ib\u00e9rica hace 1.800.000 a\u00f1os\" loading=\"lazy\">\t\t\t<\/div>\n\t\t\t<div class=\"jet-images-layout__content\"><\/div>\n\t\t<\/a>\n\t<\/div>\n<\/div>\n<div class=\"jet-images-layout__item \">\n\t<div class=\"jet-images-layout__inner\">\n\t\t<div class=\"jet-images-layout__image-loader\"><span><\/span><\/div>\n\t\t<a class=\"jet-images-layout__link \" href=\"http:\/\/webwp.igme.es\/pruebaigme\/wp-content\/uploads\/2023\/08\/IMG_54.webp\" data-elementor-open-lightbox=\"yes\" data-elementor-lightbox-slideshow=\"482f9ca\">\n\t\t\t<div class=\"jet-images-layout__image\">\n\t\t\t\t<img decoding=\"async\" class=\"jet-images-layout__image-instance\" src=\"https:\/\/webwp.igme.es\/pruebaigme\/wp-content\/uploads\/2023\/08\/IMG_54.webp\" alt=\"El largo viaje hacia Occidente. Fauna ib\u00e9rica hace 1.800.000 a\u00f1os\" loading=\"lazy\">\t\t\t<\/div>\n\t\t\t<div class=\"jet-images-layout__content\"><\/div>\n\t\t<\/a>\n\t<\/div>\n<\/div>\n<\/div><\/div>\n<\/div>\t\t<\/div>\n\t\t\t\t<\/div>\n\t\t\t\t\t<\/div>\n\t\t<\/div>\n\t\t\t\t\t<\/div>\n\t\t<\/section>\n\t\t\t\t<\/div>\n\t\t","protected":false},"excerpt":{"rendered":"<p>En el a\u00f1o 2003 dise\u00f1amos y producimos desde el Museo Geominero una exposici\u00f3n espec\u00edfica sobre este proyecto cient\u00edfico titulada \u201cEl largo viaje hacia Occidente. Fauna ib\u00e9rica hace 1.800.000 a\u00f1os\u201d. Esta exposici\u00f3n fue presentada en la Universidad de Granada en el marco del V Congreso del Grupo Espa\u00f1ol del Terciario (septiembre de 2003). Inauguraci\u00f3n en 2003&#8230;<\/p>\n","protected":false},"author":18,"featured_media":15238,"parent":14944,"menu_order":0,"comment_status":"closed","ping_status":"closed","template":"","meta":{"_kad_post_transparent":"","_kad_post_title":"hide","_kad_post_layout":"fullwidth","_kad_post_sidebar_id":"","_kad_post_content_style":"unboxed","_kad_post_vertical_padding":"hide","_kad_post_feature":"hide","_kad_post_feature_position":"","_kad_post_header":false,"_kad_post_footer":false,"footnotes":""},"aioseo_notices":[],"_links":{"self":[{"href":"https:\/\/webwp.igme.es\/pruebaigme\/wp-json\/wp\/v2\/pages\/36566"}],"collection":[{"href":"https:\/\/webwp.igme.es\/pruebaigme\/wp-json\/wp\/v2\/pages"}],"about":[{"href":"https:\/\/webwp.igme.es\/pruebaigme\/wp-json\/wp\/v2\/types\/page"}],"author":[{"embeddable":true,"href":"https:\/\/webwp.igme.es\/pruebaigme\/wp-json\/wp\/v2\/users\/18"}],"replies":[{"embeddable":true,"href":"https:\/\/webwp.igme.es\/pruebaigme\/wp-json\/wp\/v2\/comments?post=36566"}],"version-history":[{"count":10,"href":"https:\/\/webwp.igme.es\/pruebaigme\/wp-json\/wp\/v2\/pages\/36566\/revisions"}],"predecessor-version":[{"id":36585,"href":"https:\/\/webwp.igme.es\/pruebaigme\/wp-json\/wp\/v2\/pages\/36566\/revisions\/36585"}],"up":[{"embeddable":true,"href":"https:\/\/webwp.igme.es\/pruebaigme\/wp-json\/wp\/v2\/pages\/14944"}],"wp:featuredmedia":[{"embeddable":true,"href":"https:\/\/webwp.igme.es\/pruebaigme\/wp-json\/wp\/v2\/media\/15238"}],"wp:attachment":[{"href":"https:\/\/webwp.igme.es\/pruebaigme\/wp-json\/wp\/v2\/media?parent=36566"}],"curies":[{"name":"wp","href":"https:\/\/api.w.org\/{rel}","templated":true}]}}